{"id":584,"date":"2024-03-15T02:22:09","date_gmt":"2024-03-15T02:22:09","guid":{"rendered":"https:\/\/solimcol.com\/?page_id=584"},"modified":"2026-03-26T21:38:23","modified_gmt":"2026-03-26T21:38:23","slug":"productos-automotriz","status":"publish","type":"page","link":"https:\/\/solimcol.com\/index.php\/productos-automotriz\/","title":{"rendered":"Responsabilidad Social"},"content":{"rendered":"\t\t<div data-elementor-type=\"wp-page\" data-elementor-id=\"584\" class=\"elementor elementor-584\">\n\t\t\t\t\t\t\t<div class=\"elementor-element elementor-element-32b5181 e-con-full e-flex e-con e-parent\" data-id=\"32b5181\" data-element_type=\"container\" data-settings=\"{&quot;content_width&quot;:&quot;full&quot;,&quot;background_background&quot;:&quot;classic&quot;}\" data-core-v316-plus=\"true\">\n\t\t\t\t<div class=\"elementor-element elementor-element-697a3ab elementor-widget elementor-widget-image\" data-id=\"697a3ab\" data-element_type=\"widget\" data-widget_type=\"image.default\">\n\t\t\t\t<div class=\"elementor-widget-container\">\n\t\t\t<style>\/*! elementor - v3.17.0 - 08-11-2023 *\/\n.elementor-widget-image{text-align:center}.elementor-widget-image a{display:inline-block}.elementor-widget-image a img[src$=\".svg\"]{width:48px}.elementor-widget-image img{vertical-align:middle;display:inline-block}<\/style>\t\t\t\t\t\t\t\t\t\t\t\t<img decoding=\"async\" width=\"150\" height=\"150\" src=\"https:\/\/solimcol.com\/wp-content\/uploads\/2024\/12\/Recurso-20@2x-150x150.png\" class=\"attachment-thumbnail size-thumbnail wp-image-1167\" alt=\"\" srcset=\"https:\/\/solimcol.com\/wp-content\/uploads\/2024\/12\/Recurso-20@2x-150x150.png 150w, https:\/\/solimcol.com\/wp-content\/uploads\/2024\/12\/Recurso-20@2x-300x300.png 300w, https:\/\/solimcol.com\/wp-content\/uploads\/2024\/12\/Recurso-20@2x-1024x1024.png 1024w, https:\/\/solimcol.com\/wp-content\/uploads\/2024\/12\/Recurso-20@2x-768x768.png 768w, https:\/\/solimcol.com\/wp-content\/uploads\/2024\/12\/Recurso-20@2x-1536x1536.png 1536w, https:\/\/solimcol.com\/wp-content\/uploads\/2024\/12\/Recurso-20@2x-600x600.png 600w, https:\/\/solimcol.com\/wp-content\/uploads\/2024\/12\/elementor\/thumbs\/Recurso-20@2x-qyxss49o77mr7ex1vd4c6ybjge7vfh7ywqcyp0vylk.png 100w, https:\/\/solimcol.com\/wp-content\/uploads\/2024\/12\/Recurso-20@2x.png 2014w\" sizes=\"(max-width: 150px) 100vw, 150px\" \/>\t\t\t\t\t\t\t\t\t\t\t\t\t\t\t<\/div>\n\t\t\t\t<\/div>\n\t\t\t\t<div class=\"elementor-element elementor-element-0dddae9 elementor-widget elementor-widget-heading\" data-id=\"0dddae9\" data-element_type=\"widget\" data-widget_type=\"heading.default\">\n\t\t\t\t<div class=\"elementor-widget-container\">\n\t\t\t<style>\/*! elementor - v3.17.0 - 08-11-2023 *\/\n.elementor-heading-title{padding:0;margin:0;line-height:1}.elementor-widget-heading .elementor-heading-title[class*=elementor-size-]>a{color:inherit;font-size:inherit;line-height:inherit}.elementor-widget-heading .elementor-heading-title.elementor-size-small{font-size:15px}.elementor-widget-heading .elementor-heading-title.elementor-size-medium{font-size:19px}.elementor-widget-heading .elementor-heading-title.elementor-size-large{font-size:29px}.elementor-widget-heading .elementor-heading-title.elementor-size-xl{font-size:39px}.elementor-widget-heading .elementor-heading-title.elementor-size-xxl{font-size:59px}<\/style><h1 class=\"elementor-heading-title elementor-size-default\">Responsabilidad Social<\/h1>\t\t<\/div>\n\t\t\t\t<\/div>\n\t\t\t\t<div class=\"elementor-element elementor-element-f9fa1d3 elementor-absolute elementor-view-default elementor-widget elementor-widget-icon\" data-id=\"f9fa1d3\" data-element_type=\"widget\" data-settings=\"{&quot;_position&quot;:&quot;absolute&quot;}\" data-widget_type=\"icon.default\">\n\t\t\t\t<div class=\"elementor-widget-container\">\n\t\t\t\t\t<div class=\"elementor-icon-wrapper\">\n\t\t\t<div class=\"elementor-icon\">\n\t\t\t\t\t\t<\/div>\n\t\t<\/div>\n\t\t\t\t<\/div>\n\t\t\t\t<\/div>\n\t\t\t\t<div class=\"elementor-element elementor-element-55404f8 elementor-absolute elementor-view-default elementor-widget elementor-widget-icon\" data-id=\"55404f8\" data-element_type=\"widget\" data-settings=\"{&quot;_position&quot;:&quot;absolute&quot;}\" data-widget_type=\"icon.default\">\n\t\t\t\t<div class=\"elementor-widget-container\">\n\t\t\t\t\t<div class=\"elementor-icon-wrapper\">\n\t\t\t<div class=\"elementor-icon\">\n\t\t\t\t\t\t<\/div>\n\t\t<\/div>\n\t\t\t\t<\/div>\n\t\t\t\t<\/div>\n\t\t\t\t<\/div>\n\t\t<div class=\"elementor-element elementor-element-dabce01 e-con-full e-flex e-con e-parent\" data-id=\"dabce01\" data-element_type=\"container\" data-settings=\"{&quot;content_width&quot;:&quot;full&quot;,&quot;background_background&quot;:&quot;classic&quot;}\" data-core-v316-plus=\"true\">\n\t\t<div class=\"elementor-element elementor-element-448618c e-con-full e-flex e-con e-child\" data-id=\"448618c\" data-element_type=\"container\" data-settings=\"{&quot;content_width&quot;:&quot;full&quot;}\">\n\t\t\t\t<\/div>\n\t\t\t\t<div class=\"elementor-element elementor-element-a3f30c7 elementor-widget elementor-widget-heading\" data-id=\"a3f30c7\" data-element_type=\"widget\" data-widget_type=\"heading.default\">\n\t\t\t\t<div class=\"elementor-widget-container\">\n\t\t\t<h2 class=\"elementor-heading-title elementor-size-default\">Nos comprometemos con un futuro m\u00e1s sostenible y responsable<\/h2>\t\t<\/div>\n\t\t\t\t<\/div>\n\t\t\t\t<\/div>\n\t\t<div class=\"elementor-element elementor-element-3d2396b e-flex e-con-boxed e-con e-parent\" data-id=\"3d2396b\" data-element_type=\"container\" data-settings=\"{&quot;background_background&quot;:&quot;classic&quot;,&quot;content_width&quot;:&quot;boxed&quot;}\" data-core-v316-plus=\"true\">\n\t\t\t\t\t<div class=\"e-con-inner\">\n\t\t\t\t\t<\/div>\n\t\t\t\t<\/div>\n\t\t<div class=\"elementor-element elementor-element-b8435f5 e-flex e-con-boxed e-con e-parent\" data-id=\"b8435f5\" data-element_type=\"container\" data-settings=\"{&quot;background_background&quot;:&quot;classic&quot;,&quot;content_width&quot;:&quot;boxed&quot;}\" data-core-v316-plus=\"true\">\n\t\t\t\t\t<div class=\"e-con-inner\">\n\t\t\t\t<div class=\"elementor-element elementor-element-5e6f228 elementor-widget elementor-widget-heading\" data-id=\"5e6f228\" data-element_type=\"widget\" data-widget_type=\"heading.default\">\n\t\t\t\t<div class=\"elementor-widget-container\">\n\t\t\t<h4 class=\"elementor-heading-title elementor-size-default\">Nuestra misi\u00f3n va m\u00e1s all\u00e1 de la creaci\u00f3n y producci\u00f3n de productos de aseo y limpieza para la industria; nos esforzamos por minimizar nuestro <b>impacto ambiental<\/b> en cada etapa de nuestro proceso.<\/h4>\t\t<\/div>\n\t\t\t\t<\/div>\n\t\t\t\t\t<\/div>\n\t\t\t\t<\/div>\n\t\t<div class=\"elementor-element elementor-element-f0c3f23 e-flex e-con-boxed e-con e-parent\" data-id=\"f0c3f23\" data-element_type=\"container\" data-settings=\"{&quot;background_background&quot;:&quot;classic&quot;,&quot;content_width&quot;:&quot;boxed&quot;}\" data-core-v316-plus=\"true\">\n\t\t\t\t\t<div class=\"e-con-inner\">\n\t\t\t\t<div class=\"elementor-element elementor-element-6194f6f elementor-widget elementor-widget-heading\" data-id=\"6194f6f\" data-element_type=\"widget\" data-widget_type=\"heading.default\">\n\t\t\t\t<div class=\"elementor-widget-container\">\n\t\t\t<h4 class=\"elementor-heading-title elementor-size-default\">Desde la <b>selecci\u00f3n de materias primas,<\/b> optamos por <b>ingredientes biodegradables<\/b> y de origen responsable, garantizando que nuestros productos sean efectivos sin comprometer la salud del planeta. Implementamos <b>pr\u00e1cticas de producci\u00f3n eficientes<\/b> que reducen el consumo de energ\u00eda y agua, y fomentamos el <b>reciclaje y la reutilizaci\u00f3n<\/b> <b>de materiales<\/b> en nuestras instalaciones.<\/h4>\t\t<\/div>\n\t\t\t\t<\/div>\n\t\t\t\t\t<\/div>\n\t\t\t\t<\/div>\n\t\t<div class=\"elementor-element elementor-element-f8928fc e-flex e-con-boxed e-con e-parent\" data-id=\"f8928fc\" data-element_type=\"container\" data-settings=\"{&quot;background_background&quot;:&quot;classic&quot;,&quot;content_width&quot;:&quot;boxed&quot;}\" data-core-v316-plus=\"true\">\n\t\t\t\t\t<div class=\"e-con-inner\">\n\t\t\t\t<div class=\"elementor-element elementor-element-a2be77d elementor-widget elementor-widget-heading\" data-id=\"a2be77d\" data-element_type=\"widget\" data-widget_type=\"heading.default\">\n\t\t\t\t<div class=\"elementor-widget-container\">\n\t\t\t<h4 class=\"elementor-heading-title elementor-size-default\">Adem\u00e1s, nuestros productos est\u00e1n dise\u00f1ados para ser seguros y eficaces, <b>contribuyendo a ambientes de trabajo limpios<\/b> sin dejar una huella negativa en el ecosistema. Nos alineamos con <b>normativas ambientales<\/b> y trabajamos continuamente para mejorar nuestros procesos, asegurando que cada paso que damos est\u00e9 en sinton\u00eda con la <b>conservaci\u00f3n del medio ambiente.<\/b><\/h4>\t\t<\/div>\n\t\t\t\t<\/div>\n\t\t\t\t\t<\/div>\n\t\t\t\t<\/div>\n\t\t<div class=\"elementor-element elementor-element-f44fe28 e-flex e-con-boxed e-con e-parent\" data-id=\"f44fe28\" data-element_type=\"container\" data-settings=\"{&quot;background_background&quot;:&quot;classic&quot;,&quot;content_width&quot;:&quot;boxed&quot;}\" data-core-v316-plus=\"true\">\n\t\t\t\t\t<div class=\"e-con-inner\">\n\t\t\t\t<div class=\"elementor-element elementor-element-a6143c8 elementor-widget elementor-widget-heading\" data-id=\"a6143c8\" data-element_type=\"widget\" data-widget_type=\"heading.default\">\n\t\t\t\t<div class=\"elementor-widget-container\">\n\t\t\t<h4 class=\"elementor-heading-title elementor-size-default\">En <b>SOLIMCOL<\/b> creemos que un <b>compromiso con la sostenibilidad<\/b> es fundamental no solo para nuestra empresa, sino para el bienestar de las generaciones futuras. Juntos, estamos construyendo un futuro m\u00e1s limpio y responsable.<\/h4>\t\t<\/div>\n\t\t\t\t<\/div>\n\t\t\t\t\t<\/div>\n\t\t\t\t<\/div>\n\t\t<div class=\"elementor-element elementor-element-13127686 e-con-full e-flex e-con e-parent\" data-id=\"13127686\" data-element_type=\"container\" data-settings=\"{&quot;content_width&quot;:&quot;full&quot;,&quot;background_background&quot;:&quot;classic&quot;}\" data-core-v316-plus=\"true\">\n\t\t\t\t<div class=\"elementor-element elementor-element-5a61c478 elementor-absolute elementor-view-default elementor-widget elementor-widget-icon\" data-id=\"5a61c478\" data-element_type=\"widget\" data-settings=\"{&quot;_position&quot;:&quot;absolute&quot;}\" data-widget_type=\"icon.default\">\n\t\t\t\t<div class=\"elementor-widget-container\">\n\t\t\t\t\t<div class=\"elementor-icon-wrapper\">\n\t\t\t<div class=\"elementor-icon\">\n\t\t\t\t\t\t<\/div>\n\t\t<\/div>\n\t\t\t\t<\/div>\n\t\t\t\t<\/div>\n\t\t\t\t<div class=\"elementor-element elementor-element-496c0bc4 elementor-absolute elementor-view-default elementor-widget elementor-widget-icon\" data-id=\"496c0bc4\" data-element_type=\"widget\" data-settings=\"{&quot;_position&quot;:&quot;absolute&quot;}\" data-widget_type=\"icon.default\">\n\t\t\t\t<div class=\"elementor-widget-container\">\n\t\t\t\t\t<div class=\"elementor-icon-wrapper\">\n\t\t\t<div class=\"elementor-icon\">\n\t\t\t\t\t\t<\/div>\n\t\t<\/div>\n\t\t\t\t<\/div>\n\t\t\t\t<\/div>\n\t\t\t\t<\/div>\n\t\t\t\t\t\t\t<\/div>\n\t\t","protected":false},"excerpt":{"rendered":"<p>Responsabilidad Social Nos comprometemos con un futuro m\u00e1s sostenible y responsable Nuestra misi\u00f3n va m\u00e1s all\u00e1 de la creaci\u00f3n y producci\u00f3n de productos de aseo y limpieza para la industria; nos esforzamos por minimizar nuestro impacto ambiental en cada etapa de nuestro proceso. Desde la selecci\u00f3n de materias primas, optamos por ingredientes biodegradables y de [&hellip;]<\/p>\n","protected":false},"author":1,"featured_media":0,"parent":0,"menu_order":3,"comment_status":"closed","ping_status":"closed","template":"page-templates\/full-width-page.php","meta":{"om_disable_all_campaigns":false,"_monsterinsights_skip_tracking":false,"_monsterinsights_sitenote_active":false,"_monsterinsights_sitenote_note":"","_monsterinsights_sitenote_category":0,"footnotes":""},"aioseo_notices":[],"_links":{"self":[{"href":"https:\/\/solimcol.com\/index.php\/wp-json\/wp\/v2\/pages\/584"}],"collection":[{"href":"https:\/\/solimcol.com\/index.php\/wp-json\/wp\/v2\/pages"}],"about":[{"href":"https:\/\/solimcol.com\/index.php\/wp-json\/wp\/v2\/types\/page"}],"author":[{"embeddable":true,"href":"https:\/\/solimcol.com\/index.php\/wp-json\/wp\/v2\/users\/1"}],"replies":[{"embeddable":true,"href":"https:\/\/solimcol.com\/index.php\/wp-json\/wp\/v2\/comments?post=584"}],"version-history":[{"count":20,"href":"https:\/\/solimcol.com\/index.php\/wp-json\/wp\/v2\/pages\/584\/revisions"}],"predecessor-version":[{"id":1310,"href":"https:\/\/solimcol.com\/index.php\/wp-json\/wp\/v2\/pages\/584\/revisions\/1310"}],"wp:attachment":[{"href":"https:\/\/solimcol.com\/index.php\/wp-json\/wp\/v2\/media?parent=584"}],"curies":[{"name":"wp","href":"https:\/\/api.w.org\/{rel}","templated":true}]}}