{"id":1243,"date":"2025-02-25T00:05:43","date_gmt":"2025-02-25T00:05:43","guid":{"rendered":"https:\/\/solimcol.com\/index.php\/productos-automotriz-2\/"},"modified":"2026-03-26T21:40:55","modified_gmt":"2026-03-26T21:40:55","slug":"productos-automotriz-2","status":"publish","type":"page","link":"https:\/\/solimcol.com\/index.php\/productos-automotriz-2\/","title":{"rendered":"Nuestras Pol\u00edticas"},"content":{"rendered":"\t\t<div data-elementor-type=\"wp-page\" data-elementor-id=\"1243\" class=\"elementor elementor-1243\">\n\t\t\t\t\t\t\t<div class=\"elementor-element elementor-element-32b5181 e-con-full e-flex e-con e-parent\" data-id=\"32b5181\" data-element_type=\"container\" data-settings=\"{&quot;content_width&quot;:&quot;full&quot;,&quot;background_background&quot;:&quot;classic&quot;}\" data-core-v316-plus=\"true\">\n\t\t\t\t<div class=\"elementor-element elementor-element-697a3ab elementor-widget elementor-widget-image\" data-id=\"697a3ab\" data-element_type=\"widget\" data-widget_type=\"image.default\">\n\t\t\t\t<div class=\"elementor-widget-container\">\n\t\t\t<style>\/*! elementor - v3.17.0 - 08-11-2023 *\/\n.elementor-widget-image{text-align:center}.elementor-widget-image a{display:inline-block}.elementor-widget-image a img[src$=\".svg\"]{width:48px}.elementor-widget-image img{vertical-align:middle;display:inline-block}<\/style>\t\t\t\t\t\t\t\t\t\t\t\t<img decoding=\"async\" width=\"150\" height=\"150\" src=\"https:\/\/solimcol.com\/wp-content\/uploads\/2025\/02\/Recurso-27-150x150.png\" class=\"attachment-thumbnail size-thumbnail wp-image-1266\" alt=\"\" srcset=\"https:\/\/solimcol.com\/wp-content\/uploads\/2025\/02\/Recurso-27-150x150.png 150w, https:\/\/solimcol.com\/wp-content\/uploads\/2025\/02\/Recurso-27-300x300.png 300w, https:\/\/solimcol.com\/wp-content\/uploads\/2025\/02\/Recurso-27-768x767.png 768w, https:\/\/solimcol.com\/wp-content\/uploads\/2025\/02\/Recurso-27-600x599.png 600w, https:\/\/solimcol.com\/wp-content\/uploads\/2025\/02\/elementor\/thumbs\/Recurso-27-r2044jmrhomou5auo94ivda0ut1gxryr8qsuw06ciw.png 100w, https:\/\/solimcol.com\/wp-content\/uploads\/2025\/02\/Recurso-27.png 1008w\" sizes=\"(max-width: 150px) 100vw, 150px\" \/>\t\t\t\t\t\t\t\t\t\t\t\t\t\t\t<\/div>\n\t\t\t\t<\/div>\n\t\t\t\t<div class=\"elementor-element elementor-element-0dddae9 elementor-widget elementor-widget-heading\" data-id=\"0dddae9\" data-element_type=\"widget\" data-widget_type=\"heading.default\">\n\t\t\t\t<div class=\"elementor-widget-container\">\n\t\t\t<style>\/*! elementor - v3.17.0 - 08-11-2023 *\/\n.elementor-heading-title{padding:0;margin:0;line-height:1}.elementor-widget-heading .elementor-heading-title[class*=elementor-size-]>a{color:inherit;font-size:inherit;line-height:inherit}.elementor-widget-heading .elementor-heading-title.elementor-size-small{font-size:15px}.elementor-widget-heading .elementor-heading-title.elementor-size-medium{font-size:19px}.elementor-widget-heading .elementor-heading-title.elementor-size-large{font-size:29px}.elementor-widget-heading .elementor-heading-title.elementor-size-xl{font-size:39px}.elementor-widget-heading .elementor-heading-title.elementor-size-xxl{font-size:59px}<\/style><h1 class=\"elementor-heading-title elementor-size-default\">Nuestras Pol\u00edticas<\/h1>\t\t<\/div>\n\t\t\t\t<\/div>\n\t\t\t\t<div class=\"elementor-element elementor-element-f9fa1d3 elementor-absolute elementor-view-default elementor-widget elementor-widget-icon\" data-id=\"f9fa1d3\" data-element_type=\"widget\" data-settings=\"{&quot;_position&quot;:&quot;absolute&quot;}\" data-widget_type=\"icon.default\">\n\t\t\t\t<div class=\"elementor-widget-container\">\n\t\t\t\t\t<div class=\"elementor-icon-wrapper\">\n\t\t\t<div class=\"elementor-icon\">\n\t\t\t\t\t\t<\/div>\n\t\t<\/div>\n\t\t\t\t<\/div>\n\t\t\t\t<\/div>\n\t\t\t\t<div class=\"elementor-element elementor-element-55404f8 elementor-absolute elementor-view-default elementor-widget elementor-widget-icon\" data-id=\"55404f8\" data-element_type=\"widget\" data-settings=\"{&quot;_position&quot;:&quot;absolute&quot;}\" data-widget_type=\"icon.default\">\n\t\t\t\t<div class=\"elementor-widget-container\">\n\t\t\t\t\t<div class=\"elementor-icon-wrapper\">\n\t\t\t<div class=\"elementor-icon\">\n\t\t\t\t\t\t<\/div>\n\t\t<\/div>\n\t\t\t\t<\/div>\n\t\t\t\t<\/div>\n\t\t\t\t<\/div>\n\t\t<div class=\"elementor-element elementor-element-dabce01 e-con-full e-flex e-con e-parent\" data-id=\"dabce01\" data-element_type=\"container\" data-settings=\"{&quot;content_width&quot;:&quot;full&quot;,&quot;background_background&quot;:&quot;classic&quot;}\" data-core-v316-plus=\"true\">\n\t\t<div class=\"elementor-element elementor-element-448618c e-con-full e-flex e-con e-child\" data-id=\"448618c\" data-element_type=\"container\" data-settings=\"{&quot;content_width&quot;:&quot;full&quot;}\">\n\t\t\t\t<\/div>\n\t\t\t\t<div class=\"elementor-element elementor-element-a3f30c7 elementor-widget elementor-widget-heading\" data-id=\"a3f30c7\" data-element_type=\"widget\" data-widget_type=\"heading.default\">\n\t\t\t\t<div class=\"elementor-widget-container\">\n\t\t\t<h2 class=\"elementor-heading-title elementor-size-default\">Transparencia y compromiso en cada norma<\/h2>\t\t<\/div>\n\t\t\t\t<\/div>\n\t\t\t\t<\/div>\n\t\t<div class=\"elementor-element elementor-element-3d2396b e-flex e-con-boxed e-con e-parent\" data-id=\"3d2396b\" data-element_type=\"container\" data-settings=\"{&quot;background_background&quot;:&quot;classic&quot;,&quot;content_width&quot;:&quot;boxed&quot;}\" data-core-v316-plus=\"true\">\n\t\t\t\t\t<div class=\"e-con-inner\">\n\t\t\t\t\t<\/div>\n\t\t\t\t<\/div>\n\t\t<div class=\"elementor-element elementor-element-e7bc516 e-flex e-con-boxed e-con e-parent\" data-id=\"e7bc516\" data-element_type=\"container\" data-settings=\"{&quot;background_background&quot;:&quot;classic&quot;,&quot;content_width&quot;:&quot;boxed&quot;}\" data-core-v316-plus=\"true\">\n\t\t\t\t\t<div class=\"e-con-inner\">\n\t\t<div class=\"elementor-element elementor-element-f4e6a2a e-con-full e-flex e-con e-child\" data-id=\"f4e6a2a\" data-element_type=\"container\" data-settings=\"{&quot;content_width&quot;:&quot;full&quot;}\">\n\t\t\t\t<div class=\"elementor-element elementor-element-c4b134d elementor-widget elementor-widget-image\" data-id=\"c4b134d\" data-element_type=\"widget\" data-widget_type=\"image.default\">\n\t\t\t\t<div class=\"elementor-widget-container\">\n\t\t\t\t\t\t\t\t\t\t\t\t\t\t\t<img fetchpriority=\"high\" decoding=\"async\" width=\"641\" height=\"428\" src=\"https:\/\/solimcol.com\/wp-content\/uploads\/2025\/02\/Recurso-24@2x.png\" class=\"attachment-full size-full wp-image-1260\" alt=\"\" srcset=\"https:\/\/solimcol.com\/wp-content\/uploads\/2025\/02\/Recurso-24@2x.png 641w, https:\/\/solimcol.com\/wp-content\/uploads\/2025\/02\/Recurso-24@2x-300x200.png 300w, https:\/\/solimcol.com\/wp-content\/uploads\/2025\/02\/Recurso-24@2x-600x401.png 600w\" sizes=\"(max-width: 641px) 100vw, 641px\" \/>\t\t\t\t\t\t\t\t\t\t\t\t\t\t\t<\/div>\n\t\t\t\t<\/div>\n\t\t\t\t<\/div>\n\t\t<div class=\"elementor-element elementor-element-80dab92 e-con-full e-flex e-con e-child\" data-id=\"80dab92\" data-element_type=\"container\" data-settings=\"{&quot;content_width&quot;:&quot;full&quot;}\">\n\t\t\t\t<div class=\"elementor-element elementor-element-682ec18 elementor-widget elementor-widget-heading\" data-id=\"682ec18\" data-element_type=\"widget\" data-widget_type=\"heading.default\">\n\t\t\t\t<div class=\"elementor-widget-container\">\n\t\t\t<h2 class=\"elementor-heading-title elementor-size-default\">La Pol\u00edtica de Calidad<\/h2>\t\t<\/div>\n\t\t\t\t<\/div>\n\t\t\t\t<div class=\"elementor-element elementor-element-5e6f228 elementor-widget elementor-widget-heading\" data-id=\"5e6f228\" data-element_type=\"widget\" data-widget_type=\"heading.default\">\n\t\t\t\t<div class=\"elementor-widget-container\">\n\t\t\t<h4 class=\"elementor-heading-title elementor-size-default\">La pol\u00edtica de calidad de <b>SOLIMCOL<\/b> es satisfacer al cliente mediante la comercializaci\u00f3n de productos para el aseo en ambientes de la industria, instituciones y el hogar con excelente calidad; buscando siempre satisfacer las expectativas de nuestros clientes y para ello cuenta con una cultura de mejoramiento continuo, un talento humano capacitado y comprometido.<\/h4>\t\t<\/div>\n\t\t\t\t<\/div>\n\t\t\t\t<\/div>\n\t\t\t\t\t<\/div>\n\t\t\t\t<\/div>\n\t\t<div class=\"elementor-element elementor-element-262be8d e-flex e-con-boxed e-con e-parent\" data-id=\"262be8d\" data-element_type=\"container\" data-settings=\"{&quot;background_background&quot;:&quot;classic&quot;,&quot;content_width&quot;:&quot;boxed&quot;}\" data-core-v316-plus=\"true\">\n\t\t\t\t\t<div class=\"e-con-inner\">\n\t\t<div class=\"elementor-element elementor-element-2fba7c9 e-con-full e-flex e-con e-child\" data-id=\"2fba7c9\" data-element_type=\"container\" data-settings=\"{&quot;content_width&quot;:&quot;full&quot;}\">\n\t\t\t\t<div class=\"elementor-element elementor-element-6a1432c elementor-widget elementor-widget-image\" data-id=\"6a1432c\" data-element_type=\"widget\" data-widget_type=\"image.default\">\n\t\t\t\t<div class=\"elementor-widget-container\">\n\t\t\t\t\t\t\t\t\t\t\t\t\t\t\t<img decoding=\"async\" width=\"641\" height=\"428\" src=\"https:\/\/solimcol.com\/wp-content\/uploads\/2025\/02\/Recurso-25@2x.png\" class=\"attachment-full size-full wp-image-1261\" alt=\"\" srcset=\"https:\/\/solimcol.com\/wp-content\/uploads\/2025\/02\/Recurso-25@2x.png 641w, https:\/\/solimcol.com\/wp-content\/uploads\/2025\/02\/Recurso-25@2x-300x200.png 300w, https:\/\/solimcol.com\/wp-content\/uploads\/2025\/02\/Recurso-25@2x-600x401.png 600w\" sizes=\"(max-width: 641px) 100vw, 641px\" \/>\t\t\t\t\t\t\t\t\t\t\t\t\t\t\t<\/div>\n\t\t\t\t<\/div>\n\t\t\t\t<\/div>\n\t\t<div class=\"elementor-element elementor-element-0289548 e-con-full e-flex e-con e-child\" data-id=\"0289548\" data-element_type=\"container\" data-settings=\"{&quot;content_width&quot;:&quot;full&quot;}\">\n\t\t\t\t<div class=\"elementor-element elementor-element-e33ce31 elementor-widget elementor-widget-heading\" data-id=\"e33ce31\" data-element_type=\"widget\" data-widget_type=\"heading.default\">\n\t\t\t\t<div class=\"elementor-widget-container\">\n\t\t\t<h2 class=\"elementor-heading-title elementor-size-default\">Pol\u00edtica Estrategia de Negocios<\/h2>\t\t<\/div>\n\t\t\t\t<\/div>\n\t\t\t\t<div class=\"elementor-element elementor-element-8cd10cd elementor-widget elementor-widget-heading\" data-id=\"8cd10cd\" data-element_type=\"widget\" data-widget_type=\"heading.default\">\n\t\t\t\t<div class=\"elementor-widget-container\">\n\t\t\t<h4 class=\"elementor-heading-title elementor-size-default\">Contemplamos pilares fundamentales, el trato personalizado a nuestros clientes, la atenci\u00f3n constante y la alta calidad de nuestros productos, como factores diferenciales; teniendo en cuenta l\u00f3gicamente, unas tarifas bien ajustadas a la l\u00ednea de precios del mercado con una excelente relaci\u00f3n calidad\/precio.<\/h4>\t\t<\/div>\n\t\t\t\t<\/div>\n\t\t\t\t<div class=\"elementor-element elementor-element-3894d7c elementor-widget elementor-widget-heading\" data-id=\"3894d7c\" data-element_type=\"widget\" data-widget_type=\"heading.default\">\n\t\t\t\t<div class=\"elementor-widget-container\">\n\t\t\t<h4 class=\"elementor-heading-title elementor-size-default\">\u2022 Flexibilidad y personalizaci\u00f3n total de productos.<br>\u2022 Trato personalizado.<br>\u2022 Plazos de entrega ajustados a la necesidad del cliente.<br>\u2022 Innovaci\u00f3n constante.<\/h4>\t\t<\/div>\n\t\t\t\t<\/div>\n\t\t\t\t<\/div>\n\t\t\t\t\t<\/div>\n\t\t\t\t<\/div>\n\t\t<div class=\"elementor-element elementor-element-43ca8ad e-flex e-con-boxed e-con e-parent\" data-id=\"43ca8ad\" data-element_type=\"container\" data-settings=\"{&quot;background_background&quot;:&quot;classic&quot;,&quot;content_width&quot;:&quot;boxed&quot;}\" data-core-v316-plus=\"true\">\n\t\t\t\t\t<div class=\"e-con-inner\">\n\t\t<div class=\"elementor-element elementor-element-b3e2f4c e-con-full e-flex e-con e-child\" data-id=\"b3e2f4c\" data-element_type=\"container\" data-settings=\"{&quot;content_width&quot;:&quot;full&quot;}\">\n\t\t\t\t<div class=\"elementor-element elementor-element-d1cf824 elementor-widget elementor-widget-image\" data-id=\"d1cf824\" data-element_type=\"widget\" data-widget_type=\"image.default\">\n\t\t\t\t<div class=\"elementor-widget-container\">\n\t\t\t\t\t\t\t\t\t\t\t\t\t\t\t<img loading=\"lazy\" decoding=\"async\" width=\"641\" height=\"428\" src=\"https:\/\/solimcol.com\/wp-content\/uploads\/2025\/02\/Recurso-26@2x.png\" class=\"attachment-full size-full wp-image-1262\" alt=\"\" srcset=\"https:\/\/solimcol.com\/wp-content\/uploads\/2025\/02\/Recurso-26@2x.png 641w, https:\/\/solimcol.com\/wp-content\/uploads\/2025\/02\/Recurso-26@2x-300x200.png 300w, https:\/\/solimcol.com\/wp-content\/uploads\/2025\/02\/Recurso-26@2x-600x401.png 600w\" sizes=\"(max-width: 641px) 100vw, 641px\" \/>\t\t\t\t\t\t\t\t\t\t\t\t\t\t\t<\/div>\n\t\t\t\t<\/div>\n\t\t\t\t<\/div>\n\t\t<div class=\"elementor-element elementor-element-58b9167 e-con-full e-flex e-con e-child\" data-id=\"58b9167\" data-element_type=\"container\" data-settings=\"{&quot;content_width&quot;:&quot;full&quot;}\">\n\t\t\t\t<div class=\"elementor-element elementor-element-097cc10 elementor-widget elementor-widget-heading\" data-id=\"097cc10\" data-element_type=\"widget\" data-widget_type=\"heading.default\">\n\t\t\t\t<div class=\"elementor-widget-container\">\n\t\t\t<h2 class=\"elementor-heading-title elementor-size-default\">Pol\u00edtica de Calidad y Medio Ambiente<\/h2>\t\t<\/div>\n\t\t\t\t<\/div>\n\t\t\t\t<div class=\"elementor-element elementor-element-1ce7829 elementor-widget elementor-widget-heading\" data-id=\"1ce7829\" data-element_type=\"widget\" data-widget_type=\"heading.default\">\n\t\t\t\t<div class=\"elementor-widget-container\">\n\t\t\t<h4 class=\"elementor-heading-title elementor-size-default\">Fabricamos productos de limpieza y ofrecemos un servicio pensamos en nuestro lema principal \u201cHacemos un cliente, no una venta\u201d. Porque sabemos que el secreto de nuestro \u00e9xito est\u00e1 en la fabricaci\u00f3n de productos y ejecuci\u00f3n de servicios altamente competitivos capaces de actuar con una gran efectividad.<\/h4>\t\t<\/div>\n\t\t\t\t<\/div>\n\t\t\t\t<div class=\"elementor-element elementor-element-ff672f2 elementor-widget elementor-widget-heading\" data-id=\"ff672f2\" data-element_type=\"widget\" data-widget_type=\"heading.default\">\n\t\t\t\t<div class=\"elementor-widget-container\">\n\t\t\t<h4 class=\"elementor-heading-title elementor-size-default\">\u2022 Calidad y respeto al Medio Ambiente.<br>\u2022 Rigurosa selecci\u00f3n de las materias primas, embalajes y envases.<br>\u2022 Estricto control de calidad y supervisi\u00f3n de nuestra fabricaci\u00f3n.<\/h4>\t\t<\/div>\n\t\t\t\t<\/div>\n\t\t\t\t<\/div>\n\t\t\t\t\t<\/div>\n\t\t\t\t<\/div>\n\t\t<div class=\"elementor-element elementor-element-b8435f5 e-flex e-con-boxed e-con e-parent\" data-id=\"b8435f5\" data-element_type=\"container\" data-settings=\"{&quot;background_background&quot;:&quot;classic&quot;,&quot;content_width&quot;:&quot;boxed&quot;}\" data-core-v316-plus=\"true\">\n\t\t\t\t\t<div class=\"e-con-inner\">\n\t\t\t\t\t<\/div>\n\t\t\t\t<\/div>\n\t\t<div class=\"elementor-element elementor-element-13127686 e-con-full e-flex e-con e-parent\" data-id=\"13127686\" data-element_type=\"container\" data-settings=\"{&quot;content_width&quot;:&quot;full&quot;,&quot;background_background&quot;:&quot;classic&quot;}\" data-core-v316-plus=\"true\">\n\t\t\t\t<div class=\"elementor-element elementor-element-5a61c478 elementor-absolute elementor-view-default elementor-widget elementor-widget-icon\" data-id=\"5a61c478\" data-element_type=\"widget\" data-settings=\"{&quot;_position&quot;:&quot;absolute&quot;}\" data-widget_type=\"icon.default\">\n\t\t\t\t<div class=\"elementor-widget-container\">\n\t\t\t\t\t<div class=\"elementor-icon-wrapper\">\n\t\t\t<div class=\"elementor-icon\">\n\t\t\t\t\t\t<\/div>\n\t\t<\/div>\n\t\t\t\t<\/div>\n\t\t\t\t<\/div>\n\t\t\t\t<div class=\"elementor-element elementor-element-496c0bc4 elementor-absolute elementor-view-default elementor-widget elementor-widget-icon\" data-id=\"496c0bc4\" data-element_type=\"widget\" data-settings=\"{&quot;_position&quot;:&quot;absolute&quot;}\" data-widget_type=\"icon.default\">\n\t\t\t\t<div class=\"elementor-widget-container\">\n\t\t\t\t\t<div class=\"elementor-icon-wrapper\">\n\t\t\t<div class=\"elementor-icon\">\n\t\t\t\t\t\t<\/div>\n\t\t<\/div>\n\t\t\t\t<\/div>\n\t\t\t\t<\/div>\n\t\t\t\t<\/div>\n\t\t\t\t\t\t\t<\/div>\n\t\t","protected":false},"excerpt":{"rendered":"<p>Nuestras Pol\u00edticas Transparencia y compromiso en cada norma La Pol\u00edtica de Calidad La pol\u00edtica de calidad de SOLIMCOL es satisfacer al cliente mediante la comercializaci\u00f3n de productos para el aseo en ambientes de la industria, instituciones y el hogar con excelente calidad; buscando siempre satisfacer las expectativas de nuestros clientes y para ello cuenta con [&hellip;]<\/p>\n","protected":false},"author":1,"featured_media":0,"parent":0,"menu_order":3,"comment_status":"closed","ping_status":"closed","template":"page-templates\/full-width-page.php","meta":{"om_disable_all_campaigns":false,"_monsterinsights_skip_tracking":false,"_monsterinsights_sitenote_active":false,"_monsterinsights_sitenote_note":"","_monsterinsights_sitenote_category":0,"footnotes":""},"aioseo_notices":[],"_links":{"self":[{"href":"https:\/\/solimcol.com\/index.php\/wp-json\/wp\/v2\/pages\/1243"}],"collection":[{"href":"https:\/\/solimcol.com\/index.php\/wp-json\/wp\/v2\/pages"}],"about":[{"href":"https:\/\/solimcol.com\/index.php\/wp-json\/wp\/v2\/types\/page"}],"author":[{"embeddable":true,"href":"https:\/\/solimcol.com\/index.php\/wp-json\/wp\/v2\/users\/1"}],"replies":[{"embeddable":true,"href":"https:\/\/solimcol.com\/index.php\/wp-json\/wp\/v2\/comments?post=1243"}],"version-history":[{"count":20,"href":"https:\/\/solimcol.com\/index.php\/wp-json\/wp\/v2\/pages\/1243\/revisions"}],"predecessor-version":[{"id":1313,"href":"https:\/\/solimcol.com\/index.php\/wp-json\/wp\/v2\/pages\/1243\/revisions\/1313"}],"wp:attachment":[{"href":"https:\/\/solimcol.com\/index.php\/wp-json\/wp\/v2\/media?parent=1243"}],"curies":[{"name":"wp","href":"https:\/\/api.w.org\/{rel}","templated":true}]}}